1 - 8. List the prime factors of (t/5)/(j/(-100)).
3, 5
Let b = -293 - -20244. List the prime factors of b.
71, 281
Suppose 32*q - l - 7899 = 31*q, q - 7911 = 5*l. List the prime factors of q.
2, 3, 7, 47
Suppose -15688 = -3*f - 2*b, -4*f + b = -3697 - 17202. What are the prime factors of f?
2, 3, 13, 67
Let s = 1197 + -1206. Let c = 0 + -5. What are the prime factors of (-3)/s - c/(30/514)?
2, 43
Suppose -2*m = -10, -4*q + m - 405 + 2768 = 0. Suppose -586*p = -q*p + 3954. List the prime factors of p.
659
List the prime factors of 2006165/62 + 3/(-4)*12/18.
13, 19, 131
Suppose 696 - 2141 = -2*z - 5*t, t + 719 = z. Suppose -10*y + 820 = -z. What are the prime factors of y?
2, 7, 11
Let i = -2538 + 6887. List the prime factors of i.
4349
Let f = -232 + 235. List the prime factors of (5 - 14/f)*681.
227
Suppose 53*b - 11280 = 41*b. Let x = 1598 - b. What are the prime factors of x?
2, 7, 47
Let y be 9/18 + 5/(20/42). Suppose y*h - 1617 = 121. Let t = -39 + h. What are the prime factors of t?
7, 17
Let v = -23 - 66. Let h = v - -80. What are the prime factors of (132/(-12))/(1/h)?
3, 11
List the prime factors of -471*(22152/36)/(-26).
71, 157
Let v(u) = -2*u**2 + 3*u**2 + 0*u**2 + 1 - 19 + u + 25*u. What are the prime factors of v(27)?
3, 157
List the prime factors of ((-4)/(-8)*86)/((-129)/(-171441)).
3, 43, 443
Let y(o) = 3*o**2 - 11*o + 16. Suppose -u + 0*u + h - 3 = 0, u - 5*h + 7 = 0. Let p be (56/12)/(u*(-1)/3). What are the prime factors of y(p)?
2, 43
Suppose 22 = 19*c - 54. Suppose c*j - 1705 = 3*q, -2*j + q + 515 = -338. List the prime factors of j.
7, 61
Let y = 15609 + -6359. List the prime factors of y.
2, 5, 37
Let j(v) = 17*v**2 - 30*v - 139. Let o(d) = 8*d**2 - 15*d - 70. Let w(t) = -3*j(t) + 7*o(t). List the prime factors of w(-5).
127
Let h = -13626 - -26010. List the prime factors of h.
2, 3, 43
Suppose -r + 4 = r. Let x(q) = q - 39 + 12*q**r + 38 - 6*q. What are the prime factors of x(2)?
37
Let i = 437 - 211. What are the prime factors of i?
2, 113
Let x = -12326 + 21513. List the prime factors of x.
9187
Let f(d) = 4*d + 0*d - 24 + 1 - 2*d. Let b be f(14). Suppose 0 = b*x + 2*c - 343, 2*x + 5*c - 355 = -3*x. List the prime factors of x.
67
Suppose -4*n + 4*u = 0, 0*n = n + 5*u - 30. Suppose -395 - 155 = 11*p + 11*p. List the prime factors of (-5)/p - (-409)/n.
2, 41
Suppose 0 = -4*s + 4*n + 108244, s + 6*n - 27061 = -15*n. List the prime factors of s.
27061
Let f be (50 - 6) + (7 - 2). Let z = f - -46. What are the prime factors of z?
5, 19
Let z be (-70)/(-15) + (1 - 2/3). Suppose 0 = -z*c + 1810 - 625. Suppose -9*v + c = -51. What are the prime factors of v?
2
Let a(o) = -9 - 13*o - 11 - 6 + 15*o. List the prime factors of a(44).
2, 31
Let r(j) = 2*j**3 + 7*j**2 - 11*j + 12. Let u be r(5). Suppose -245*s = -244*s - u. List the prime factors of s.
2, 191
Let z = 23 + -22. Let h be 2 - (0/z)/2. Suppose 0 = -h*q + 80 + 170. What are the prime factors of q?
5
List the prime factors of (-1239)/14*672/(-63).
2, 59
Let y = 5015 - 2057. Suppose -22*l = -28*l + y. What are the prime factors of l?
17, 29
Let n(v) = v**2 - 45*v - 34. Let g(t) = -t - 1. Let l(h) = -6*g(h) + n(h). List the prime factors of l(42).
2, 7
Let t(j) = 24*j**2 + 55*j - 10. Let v = -47 + 41. List the prime factors of t(v).
2, 131
Let u(w) = -w**3 - 17*w**2 + 4. Let g be u(-17). Suppose 5*y - 660 = -g*f, -4*y + 706 = 3*f + 210. List the prime factors of f.
2, 5
Let f be 8*(1*(-1)/(-2))/1. Suppose 4*s - 32 = 2*p, p + 3*p + f*s = -100. Let l = p + 171. What are the prime factors of l?
149
Let w be 90/(-36)*(-5)/(20/24). Suppose 23*d + w*d = 19304. List the prime factors of d.
2, 127
Suppose 0 = -4*b - j - 15413, -2*b + 3*j - 508 = 7181. Let n = -2040 - b. List the prime factors of n.
2, 3, 151
Let c(d) be the first derivative of -d**4/2 - 3*d**2/2 - 8*d + 2. Suppose 5*u + 5*q - 15 = 0, 4*q = -u - 0*u + 18. List the prime factors of c(u).
2, 7
Let w(a) = 18*a + 72. Let t be w(0). Let b = t - -366. List the prime factors of b.
2, 3, 73
Let f(z) = -z**2 - 17*z - 23. Let b be f(-17). Let i be (-9)/(-1*(-1)/b). Suppose -j - i = -4*j. List the prime factors of j.
3, 23
Let q = -49154 + 121082. What are the prime factors of q?
2, 3, 37
Let d = 35 - 28. Suppose 4956 = 21*m - d*m. List the prime factors of m.
2, 3, 59
Suppose -103 = -4*f - 75. Suppose 0 = 3*u + 15, k + u = f - 1. What are the prime factors of k?
11
Suppose -224 = 8*h + 96. Let p = h - -35. Let k(o) = 2*o**2 + o + 25. List the prime factors of k(p).
2, 5, 7
List the prime factors of ((-93264)/(-80) + -5)*15.
2, 3, 1451
Suppose -4 = 4*v - 24. Suppose 4 = -6*j + 2*j, 0 = 2*f + v*j - 323. What are the prime factors of 6/(-2) + f + -6?
5, 31
Let n = 230 + 7143. List the prime factors of n.
73, 101
Let v(a) = a**3 - a**2 - a - 1. Let s(y) = -8*y**3 - 2*y**2 + 4*y + 3. Let m(p) = s(p) + 5*v(p). Let l = 6 - 9. What are the prime factors of m(l)?
19
Let w(a) = 332*a - 12370. What are the prime factors of w(50)?
2, 3, 5, 47
Let a(d) be the third derivative of d**5/20 - 7*d**4/8 - 21*d**2. What are the prime factors of a(9)?
2, 3
Let j(x) = -4*x - 9. Let h(s) = -5*s - 10. Let l(v) = 5*h(v) - 6*j(v). Let n be l(4). Suppose n = 4*y - 57 - 107. What are the prime factors of y?
41
Let u be 408/10 - (-32)/(-40). Let p = -37 + u. Suppose -p*w = -2*w - 71. List the prime factors of w.
71
Let p be (-10)/((-1)/(2/4)). Suppose -14 = -p*d - 4. Suppose -u - 4*u = -2*t - 201, t = d. List the prime factors of u.
41
Let j(h) = 70*h**2 - 8*h + 5. Let c be j(3). Suppose 2*a + 3*v - c = 2*v, -602 = -2*a + 2*v. List the prime factors of a.
2, 19
Let p be (-18)/4*1650/(-99) - -2. List the prime factors of (p/28 - 3)*-1420.
5, 71
Let j(l) = 18*l**2 + 9*l + 297. List the prime factors of j(17).
2, 3, 157
Let o be (-14)/(-49) + (-53330)/(-35). Let m = -396 + o. What are the prime factors of m?
2, 3, 47
Let c(s) = -s**2 - 13*s - 13. Let m be c(-12). Let t be (-4 - -2) + m + 2 + 2. Suppose -5*q + t = -24. List the prime factors of q.
5
Let w(c) = -c**3 - 4*c**2 + 2*c - 14. Let n be w(-5). Let y(f) be the first derivative of 92*f**3/3 - f + 2. What are the prime factors of y(n)?
7, 13
Let r be (-78300)/(-144) - -2*2/16. Suppose -7*j = -r - 6449. List the prime factors of j.
3, 37
Let g = -10 - -52. Let h = -1873 - -1884. Suppose -13*f + h*f = -g. What are the prime factors of f?
3, 7
Let s = 2605 - 1536. Let n = 2217 - s. What are the prime factors of n?
2, 7, 41
Suppose 3*p + 21 = 8*p - 2*s, s = -4*p + 9. Suppose -v = -2*b - 626 - 122, -p*b = -4*v + 3017. What are the prime factors of v?
2, 379
Let t = -28455 + 38970. List the prime factors of t.
3, 5, 701
Suppose 47*v + 287198 - 439817 = 479155. List the prime factors of v.
2, 11, 13, 47
Suppose 35511 = 10*m - 34449. List the prime factors of m.
2, 3, 11, 53
Let k be (-2768898)/(-77) + -1*4/(-14). Suppose k = 54*l - 25*l. What are the prime factors of l?
2, 5, 31
Let n = 7414 + 3101. List the prime factors of n.
3, 5, 701
Let m(y) = -24 - 28 + 40 - 84*y. What are the prime factors of m(-3)?
2, 3, 5
Let j = 68 - 70. Let p be -6 + (-408)/(-42) - j/7. Suppose -5*y - 5*z + 570 = 0, -p*z = -3*y - z + 324. What are the prime factors of y?
3, 37
Suppose 0 = -4*n + 9*n - 25. Suppose 0 = -4*b + 3*f - f + 8006, -4*f = -b + 2012. Suppose -n*c = 3*c - b. List the prime factors of c.
2, 5
Suppose 0 = -5*c - 5, 26*c + 18482 = 5*h + 29*c. List the prime factors of h.
3697
What are the prime factors of (-8)/((-18060)/(-1390) - 13)?
2, 139
Suppose 1013523 + 46893 = 56*x. What are the prime factors of x?
2, 3, 263
Suppose 12 = q - 5*t, -4*q = -3*t - 20 + 6. Suppose 0 = l + 3*u - 236, q*l - 4*u - 108 - 384 = 0. What are the prime factors of l?
2, 11
Let u = -671 - -11726. List the prime factors of u.
3, 5, 11, 67
Let u(f) = f**2 + 25*f + 51. Let v be u(-25). Suppose -49*o + v*o = 648. What are the prime factors of o?
2, 3
Suppose -1607 = 25*w - 4407. What are the prime factors of w + -1 + (4 - 5)?
2, 5, 11
Suppose 0 = -2*u, -195 = -5*d + 2*u - u. Suppose -41*t + 800 = -d*t - 4*n, -3*t + 4*n = -1208. List the prime factors of t.
2, 3, 17
Suppose -14*h + 275380 = -3*h + 9*h. What are the prime factors of h?
7, 281
Suppose 1356294 + 1303944 = 43*m + 215*m. What are the prime factors of m?
3, 7, 491
Let t = 